 Let d be z(-2). Let t(b) = 1 + 0 - d + 6*b. Determine t(1).
5
Let l(n) be the third derivative of -n**4/12 + n**3/2 + 11*n**2. What is l(-4)?
11
Let j(r) = r**2 + r. Let q be j(-2). Let t be 11 - (-2 + 4) - q. Suppose -s + 2 = 4*z - t, -3*s + 13 = 5*z. Let a(l) = -l**2 - l. What is a(s)?
-2
Let b be (0 - -1 - 11)*-2. Let o be b/3 + (-10)/15. Let z(q) = 2*q - 5. What is z(o)?
7
Let c(u) = 4*u - 10. Let h(m) = m - 3. Let x(f) = -2*c(f) + 7*h(f). Suppose 2*v + 1 + 1 = 0. Determine x(v).
0
Let h(n) = -n**2 - 11*n + 3. Let c be h(-11). Let k(l) = -l + 3. Give k(c).
0
Let x(a) = -1. Let n(r) = r**2 + 7*r. Let t(u) = -n(u) + 3*x(u). What is t(-5)?
7
Let r(d) = -9*d**2 - 3*d - 17. Let m(i) = -5*i**2 - 2*i - 9. Let x(j) = 11*m(j) - 6*r(j). Suppose 5*k + 14 + 16 = -n, -5*n = k + 30. Give x(k).
-2
Let k = 0 - 1. Let t be (6/3 + -2)/k. Let s(b) = -1 - 6*b - b**2 + 4*b + b - b**3. Determine s(t).
-1
Let d(t) = 3*t**3. Let r(u) = u - 6. Let g be r(8). Suppose -2*z = 2*z - g*a - 16, -10 = -5*a. Let s = z - 4. Calculate d(s).
3
Let y(i) = -i + 7. Let n be 69/4 + 24/32. Let p = n - 14. Give y(p).
3
Suppose -5*n + 13 = y - 3*y, 4*n - 11 = y. Let o(g) = -g - g + y + 5*g. Suppose -7*w + 4*w + 3*k = 9, 2*k + 15 = -5*w. What is o(w)?
-8
Let n(c) = -c**3 - 5*c**2 + 6*c - 3. Let t be n(-6). Let s = t - -9. Let i(w) = -w**2 + 6*w + 3. Let d be i(s). Let q(x) = -2*x + 3. Calculate q(d).
-3
Let d be (-7)/(-4) + (-1)/(-4). Let l(b) = -2*b**2 + 3*b**2 - 2*b + b**d. Suppose 0 = -5*q - 20, 2*i - i = 3*q + 14. Calculate l(i).
4
Let k(j) = -2*j. Let x(q) = -q**2 - 22*q + 1. Let h(l) = 22*k(l) - 2*x(l). Determine h(-2).
6
Let u(r) = r**3 - 5*r**2 + 3. Suppose -a - n = -4*a + 18, 3*n = 4*a - 29. Calculate u(a).
3
Let x(k) be the second derivative of -k**8/6720 - k**7/420 - k**6/144 + k**5/30 + k**4/12 - 4*k. Let p(t) be the third derivative of x(t). Calculate p(-5).
4
Suppose -2*p + 3*p = -5*h - 25, 13 = -5*p + 3*h. Let z(t) be the second derivative of t**4/12 + 4*t**3/3 + 2*t**2 + 14*t. Determine z(p).
-11
Suppose 4*j - 27 = 3*k, j = k + 4*k - 6. Let t(z) = -z**3 + 10*z**2 - 9*z - 2. Give t(j).
-2
Let r(z) = 8*z - z**3 - 8 + 11*z**2 - 17*z**2 + 12*z**2. Let m be r(7). Let i(v) = 5*v**3 - 1. Calculate i(m).
-6
Let b(t) = -t + 6. Let l(q) be the first derivative of 2*q**2 - 18*q + 1. Suppose 7 + 33 = -4*r. Let g(z) = r*b(z) - 3*l(z). Determine g(-5).
4
Let u(q) be the second derivative of -q**4/12 - 5*q**3/6 + 7*q**2/2 - 13*q. Suppose 0*a - 10 = 2*a. What is u(a)?
7
Let z(x) be the third derivative of x**4/24 - 2*x**2. Calculate z(1).
1
Let o(x) = -x**2 + 2*x - 5. Let m be o(0). Let h(y) be the first derivative of -y**2/2 - 10*y - 1. Determine h(m).
-5
Let u(d) be the second derivative of d**5/4 - d**3/6 + 2*d. What is u(-1)?
-4
Let q(o) = -o**2 - 2*o + 2. Let t(g) = -g + g**2 + 8*g**3 - 4*g**3 + g**2. Let b be t(1). Suppose b*f = -17 + 2. Calculate q(f).
-1
Let o(c) be the first derivative of c**3/3 + 3*c**2/2 + c + 1. Suppose 0 = -3*i + 12 + 3. Suppose -22 = w - i*n, -n + 6 = -2*w - 2. Determine o(w).
-1
Let n(u) = -u**3 - 7*u**2 - 6*u - 2. Let w be -3 - (1 + 1 - -11). Let d = -22 - w. What is n(d)?
-2
Let r(w) be the third derivative of 1/120*w**6 - 1/3*w**3 + 0 + 0*w + 1/8*w**4 + 4*w**2 + 1/12*w**5. Let s = 5 - 9. What is r(s)?
2
Let s(c) = c**2 + 5*c. Let u be s(-3). Let j = -4 - u. Let y(n) be the first derivative of n**4/4 - 2*n**3/3 + 3*n**2/2 - n - 1. What is y(j)?
5
Let b(z) = -z**3 - 6*z**2 + 8*z - 9. Let h be (1 - (-44)/(-5)) + (-4)/(-5). Calculate b(h).
-16
Let b be 0/(3/3*2). Let i be (2 - b) + 10/(-2). Let t(j) = j**3 + 5*j**2 + 2*j - 4. Determine t(i).
8
Suppose -d = u + 4*d + 1, -5*d - 3 = 3*u. Let s(w) = -7*w + 7. Let l(y) = y - 1. Let v(t) = u*s(t) - 6*l(t). Determine v(-1).
-2
Let g(p) = -4*p**2 + 6*p + 3. Let i be (-1)/3 - (-8)/24. Suppose -w - 2*w - 18 = i. Let x(m) = -5*m**2 + 6*m + 3. Let d(z) = w*g(z) + 5*x(z). Calculate d(-5).
2
Let f(z) be the second derivative of -z**5/20 + z**4/12 - z**3/6 + 5*z**2 + 28*z. What is f(0)?
10
Let h(c) = c**2 - 3. Let t(u) = -u**2 + 2*u + 2. Let k be t(-2). Let s(p) = -p**3 - 5*p**2 + 6*p - 3. Let j be s(k). What is h(j)?
6
Suppose 8 = 2*z + 2. Let f(h) = -3*h**2 + h**2 - h**2 + 2 + 4*h. Let k(a) = -10*a**2 + 13*a + 7. Let x(v) = -7*f(v) + 2*k(v). Give x(z).
3
Let c(l) = 3*l**2 - 8*l + 23. Let a(z) = -2*z**2 + 5*z - 15. Let b(y) = -8*a(y) - 5*c(y). Let o be b(4). Let v(s) = -o + 21 + s. Determine v(0).
0
Suppose 2*i + 20 = -5*u + 2*u, i + 2*u = -12. Let p(t) = -t**3 - 5*t**2 - 6*t. Calculate p(i).
8
Let h(z) = -4*z**3 - z**2 + z + 1. Let b(c) = -c**3. Let p(k) = -3*b(k) + h(k). Let q = 16 - 17. Let s be (0 - q) + -3 + 1. Give p(s).
0
Let s(k) = -k**3 + 4*k**2 + 5*k - 4. Suppose -t + 17 = -5*m, t + 0*m = -2*m - 4. Suppose t = -4*j + 22. What is s(j)?
-4
Let l(c) be the second derivative of c**5/20 - c**4/6 - c**3/6 + c**2 - 2*c. Let n = -44 - -46. Calculate l(n).
0
Let v(q) = -q**2 - 4. Let r(l) = -l**3 - 6*l**2 - 2*l + 12. Let u be r(-5). What is v(u)?
-13
Let q(t) be the second derivative of t**3/3 - t**2/2 + 13*t. Calculate q(4).
7
Let u(q) be the third derivative of q**6/180 + q**4/12 - 2*q**2. Let v(p) be the second derivative of u(p). Let j be 12/(-8)*12/18. Calculate v(j).
-4
Suppose -5*z - c = 2, 3*z + 3*c = 3 - 9. Let t(f) = -5*f**2 - 7*f - 1. Let o(p) = 6*p**2 + 8*p + 1. Let q(y) = -6*o(y) - 7*t(y). What is q(z)?
1
Let j(p) = -5*p**2 + 5*p**2 - 3 - 4*p - p**3 - 5*p**2. Determine j(-4).
-3
Let f(y) = -y**2 + 2*y. Suppose -3*s = -0*s + 6. What is f(s)?
-8
Let q(a) = 13*a**3 - 5*a**2 - 7*a - 11. Let v(g) = -7*g**3 + 3*g**2 + 4*g + 6. Let f(b) = -6*q(b) - 11*v(b). What is f(-3)?
6
Let d(p) = -p**3 - 6*p**2 - 4*p + 1. Suppose -19 = 3*i + 3*o - o, 0 = o + 2. Give d(i).
-4
Suppose 4*s = 4*j, 12 = -j + 2*j - 4*s. Let b(o) = o**3 + 6*o**2 + 6*o + 4. What is b(j)?
12
Let k(v) = -v**2 - 3*v + 3. Let n be (7 - 1)/(-3) - (-5)/(-5). Calculate k(n).
3
Let y(f) be the second derivative of 0 + 5/6*f**3 - 1/4*f**4 + 6*f + 2*f**2 - 1/20*f**5. Determine y(-4).
0
Suppose 0 = -3*z - h + 8, 4*h - 14 + 4 = -z. Let s(u) be the second derivative of -u**5/20 + u**4/6 + u**3/6 + u**2/2 - 21*u. What is s(z)?
3
Let p(a) = -a**3 + 5*a**2 + 6*a + 8. Let d be p(6). Let s be ((-22)/d + 3)*4. Let w(h) = -3*h. Determine w(s).
-3
Let b(m) be the third derivative of -7*m**5/60 + m**4/24 - m**3/6 - 6*m**2. Determine b(1).
-7
Let p(x) = x**2 - 9*x + 9. Let j(y) = 3*y - 11. Let w be j(6). What is p(w)?
-5
Let l(q) = -10 + q - 6*q + 6*q. Give l(6).
-4
Suppose -24 = 2*v - v - 5*q, -4*q = v - 12. Let l = v - 1. Let z be -2 - (-1 - (2 + l)). Let t(a) = a**3 + 3*a**2 - 3*a + 5. Calculate t(z).
1
Suppose -5*z = -0*z - 15. Suppose 7*v = z*v - 32. Let w = v + 6. Let d(g) = g**2 - g + 1. Calculate d(w).
7
Let w = -82 + 80. Let s(o) = -5*o**2 - 4*o - 2. Calculate s(w).
-14
Let w(v) = 2*v + 34 - 2*v - 24 + v. Give w(0).
10
Let u(j) = -j + 5. Let g be u(3). Suppose -g*c - 1 = -c. Let q(p) = -2*p**2 + 2*p + 1. Give q(c).
-3
Let c(f) = -6 + 3 + 2*f - f**2 + 2*f + 0*f. Let z(o) = -o**2 + o + 2. Let d be z(0). Calculate c(d).
1
Let k = -26 - -28. Let h(a) = -2*a**3 + a**2 + 4*a - 3. Calculate h(k).
-7
Suppose 2*u = q - 8, -u = u - 2*q + 6. Let k(v) = v - 3. Give k(u).
-8
Let h(u) be the first derivative of u**4/4 + 5*u**3/3 - u**2 - 5*u + 2. Let i be h(-5). Let b = i - 9. Let d(z) = -z**3 - 3*z**2 + 3*z - 1. Give d(b).
3
Let d(x) = -x - 3. Let a(p) = 9*p + 30. Let b(c) = 2*a(c) + 21*d(c). What is b(-2)?
3
Let q = 8 - 4. Let s(h) = h**2. Let f(j) = 4*j**2 - 3*j - 3. Let i(k) = f(k) - 3*s(k). Determine i(q).
1
Let h(w) be the third derivative of w**8/20160 - w**7/840 + w**6/120 + w**5/30 - 7*w**2. Let x(t) be the third derivative of h(t). What is x(5)?
1
Let p(v) = v**2 - 2*v**2 + 0*v + 3*v - v**2. Determine p(2).
-2
Let t(n) = -n**2 - 3. Let i be t(0). Let o = 10 + i. Let c(p) = -p + 7. Determine c(o).
0
Let j(r) = r - 20. Let a be j(19). Suppose -5*g - 15 = -h, 16 + 2 = 4*h + g. Let d(c) = 2*c + c + 4 - h. Give d(a).
-4
Let z(c) = 2*c + 11. Let k be z(-8). Let n(s) = s**3 + 5*s**2 + 6. Give n(k).
6
Let j(x) = -3*x. Let u(v) = v + 3. Let w(b) = 2. Let s(h) = -2*u(h) + 3*w(h). Let t = -14 - -9. Let a(m) = t*j(m) + 6*s(m). Give a(2).
6
Let x(p) = 2*p - 10*p + 3*p -